{"version":"1.0","provider_name":"Bang &amp; Olufsen STAEGER AG Thalwil - St\u00e4fa","provider_url":"https:\/\/staegerag.ch\/bang-olufsen","author_name":"Bruno Duerrenberger","author_url":"https:\/\/staegerag.ch\/bang-olufsen\/author\/adi_pk2fskr7\/","title":"Umbau in St\u00e4fa ist fertig","type":"rich","width":600,"height":338,"html":"<blockquote class=\"wp-embedded-content\" data-secret=\"NhtFNfvYHH\"><a href=\"https:\/\/staegerag.ch\/bang-olufsen\/2025\/04\/22\/umbau-in-staefa-ist-fertig\/\">Umbau in St\u00e4fa ist fertig<\/a><\/blockquote><iframe sandbox=\"allow-scripts\" security=\"restricted\" src=\"https:\/\/staegerag.ch\/bang-olufsen\/2025\/04\/22\/umbau-in-staefa-ist-fertig\/embed\/#?secret=NhtFNfvYHH\" width=\"600\" height=\"338\" title=\"&#8222;Umbau in St\u00e4fa ist fertig&#8220; &#8211; Bang &amp; Olufsen STAEGER AG Thalwil - St\u00e4fa\" data-secret=\"NhtFNfvYHH\" frameborder=\"0\" marginwidth=\"0\" marginheight=\"0\" scrolling=\"no\" class=\"wp-embedded-content\"><\/iframe><script>\n\/*! This file is auto-generated *\/\n!function(d,l){\"use strict\";l.querySelector&&d.addEventListener&&\"undefined\"!=typeof URL&&(d.wp=d.wp||{},d.wp.receiveEmbedMessage||(d.wp.receiveEmbedMessage=function(e){var t=e.data;if((t||t.secret||t.message||t.value)&&!\/[^a-zA-Z0-9]\/.test(t.secret)){for(var s,r,n,a=l.querySelectorAll('iframe[data-secret=\"'+t.secret+'\"]'),o=l.querySelectorAll('blockquote[data-secret=\"'+t.secret+'\"]'),c=new RegExp(\"^https?:$\",\"i\"),i=0;i<o.length;i++)o[i].style.display=\"none\";for(i=0;i<a.length;i++)s=a[i],e.source===s.contentWindow&&(s.removeAttribute(\"style\"),\"height\"===t.message?(1e3<(r=parseInt(t.value,10))?r=1e3:~~r<200&&(r=200),s.height=r):\"link\"===t.message&&(r=new URL(s.getAttribute(\"src\")),n=new URL(t.value),c.test(n.protocol))&&n.host===r.host&&l.activeElement===s&&(d.top.location.href=t.value))}},d.addEventListener(\"message\",d.wp.receiveEmbedMessage,!1),l.addEventListener(\"DOMContentLoaded\",function(){for(var e,t,s=l.querySelectorAll(\"iframe.wp-embedded-content\"),r=0;r<s.length;r++)(t=(e=s[r]).getAttribute(\"data-secret\"))||(t=Math.random().toString(36).substring(2,12),e.src+=\"#?secret=\"+t,e.setAttribute(\"data-secret\",t)),e.contentWindow.postMessage({message:\"ready\",secret:t},\"*\")},!1)))}(window,document);\n\/\/# sourceURL=https:\/\/staegerag.ch\/bang-olufsen\/wp-includes\/js\/wp-embed.min.js\n<\/script>\n","thumbnail_url":"https:\/\/staegerag.ch\/bang-olufsen\/wp-content\/uploads\/sites\/2\/2025\/04\/Staefa-02.jpg","thumbnail_width":1920,"thumbnail_height":1080,"description":"Tauchen Sie ein in die faszinierende Welt von Bang &amp; Olufsen in unserer Ausstellung in St\u00e4fa! Erleben Sie eine au\u00dfergew\u00f6hnliche Pr\u00e4sentation modernster Technologie, die Design und Klang in perfekter Harmonie vereint. Entdecken Sie ikonische Soundsysteme, atemberaubende Fernseher und innovative Audiol\u00f6sungen, die Ihre Sinne begeistern werden. Lassen Sie sich von der eleganten \u00c4sthetik und der intuitiven [&hellip;]"}

Bang &amp; Olufsen STAEGER AG Thalwil - Stäfa

Umbau in Stäfa ist fertig

<blockquote class="wp-embedded-content" data-secret="NhtFNfvYHH"><a href="https://staegerag.ch/bang-olufsen/2025/04/22/umbau-in-staefa-ist-fertig/">Umbau in Stäfa ist fertig</a></blockquote><iframe sandbox="allow-scripts" security="restricted" src="https://staegerag.ch/bang-olufsen/2025/04/22/umbau-in-staefa-ist-fertig/embed/#?secret=NhtFNfvYHH" width="600" height="338" title="&#8222;Umbau in Stäfa ist fertig&#8220; &#8211; Bang &amp; Olufsen STAEGER AG Thalwil - Stäfa" data-secret="NhtFNfvYHH" frameborder="0" marginwidth="0" marginheight="0" scrolling="no" class="wp-embedded-content"></iframe><script>
/*! This file is auto-generated */
!function(d,l){"use strict";l.querySelector&&d.addEventListener&&"undefined"!=typeof URL&&(d.wp=d.wp||{},d.wp.receiveEmbedMessage||(d.wp.receiveEmbedMessage=function(e){var t=e.data;if((t||t.secret||t.message||t.value)&&!/[^a-zA-Z0-9]/.test(t.secret)){for(var s,r,n,a=l.querySelectorAll('iframe[data-secret="'+t.secret+'"]'),o=l.querySelectorAll('blockquote[data-secret="'+t.secret+'"]'),c=new RegExp("^https?:$","i"),i=0;i<o.length;i++)o[i].style.display="none";for(i=0;i<a.length;i++)s=a[i],e.source===s.contentWindow&&(s.removeAttribute("style"),"height"===t.message?(1e3<(r=parseInt(t.value,10))?r=1e3:~~r<200&&(r=200),s.height=r):"link"===t.message&&(r=new URL(s.getAttribute("src")),n=new URL(t.value),c.test(n.protocol))&&n.host===r.host&&l.activeElement===s&&(d.top.location.href=t.value))}},d.addEventListener("message",d.wp.receiveEmbedMessage,!1),l.addEventListener("DOMContentLoaded",function(){for(var e,t,s=l.querySelectorAll("iframe.wp-embedded-content"),r=0;r<s.length;r++)(t=(e=s[r]).getAttribute("data-secret"))||(t=Math.random().toString(36).substring(2,12),e.src+="#?secret="+t,e.setAttribute("data-secret",t)),e.contentWindow.postMessage({message:"ready",secret:t},"*")},!1)))}(window,document);
//# sourceURL=https://staegerag.ch/bang-olufsen/wp-includes/js/wp-embed.min.js
</script>

Tauchen Sie ein in die faszinierende Welt von Bang &amp; Olufsen in unserer Ausstellung in Stäfa! Erleben Sie eine außergewöhnliche Präsentation modernster Technologie, die Design und Klang in perfekter Harmonie vereint. Entdecken Sie ikonische Soundsysteme, atemberaubende Fernseher und innovative Audiolösungen, die Ihre Sinne begeistern werden. Lassen Sie sich von der eleganten Ästhetik und der intuitiven [&hellip;]
